{"id":65,"date":"2023-06-25T19:18:23","date_gmt":"2023-06-25T17:18:23","guid":{"rendered":"http:\/\/kwwxqce.cluster027.hosting.ovh.net\/?page_id=65"},"modified":"2024-07-04T21:26:32","modified_gmt":"2024-07-04T19:26:32","slug":"romans","status":"publish","type":"page","link":"http:\/\/mine2rien.fr\/index.php\/romans\/","title":{"rendered":"Romans"},"content":{"rendered":"\n<p class=\"has-black-color has-cyan-bluish-gray-background-color has-text-color has-background has-medium-font-size\">Je vous pr\u00e9sente ici les deux romans \u00e0 mon actif.<br>Inscrivez-vous \u00e0 ma newsletter pour \u00eatre les premiers inform\u00e9s de leurs parutions. <\/p>\n\n\n\n<p class=\"has-black-color has-cyan-bluish-gray-background-color has-text-color has-background has-medium-font-size\">Suivez-moi sur <a href=\"https:\/\/www.facebook.com\/mine2rien\" data-type=\"link\" data-id=\"https:\/\/www.facebook.com\/mine2rien\">Facebook@mine2rien<\/a><br>Je vous remercie encore pour votre compr\u00e9hension, votre fid\u00e9lit\u00e9 et votre patience.<br><br>Pour les propositions d&rsquo;\u00e9dition, contactez moi sur <strong><a href=\"mailto:contact@mine2rien.fr\">contact@mine2rien.fr<\/a><\/strong><\/p>\n\n\n\n<div class=\"wp-block-columns is-layout-flex wp-container-core-columns-is-layout-9d6595d7 wp-block-columns-is-layout-flex\">\n<div class=\"wp-block-column is-layout-flow wp-block-column-is-layout-flow\"><div class=\"wp-block-image\">\n<figure class=\"aligncenter size-full is-resized\"><img loading=\"lazy\" decoding=\"async\" width=\"160\" height=\"120\" src=\"http:\/\/mine2rien.fr\/wp-content\/uploads\/2023\/06\/EXIT-1-1.jpg\" alt=\"\" class=\"wp-image-205\" style=\"width:402px;height:302px\"\/><\/figure>\n<\/div>\n\n<div class=\"wp-block-image\">\n<figure class=\"aligncenter size-full is-resized\"><img loading=\"lazy\" decoding=\"async\" width=\"160\" height=\"160\" src=\"http:\/\/mine2rien.fr\/wp-content\/uploads\/2023\/06\/EXIT-6-1.jpg\" alt=\"\" class=\"wp-image-202\" style=\"width:403px;height:403px\" srcset=\"http:\/\/mine2rien.fr\/wp-content\/uploads\/2023\/06\/EXIT-6-1.jpg 160w, http:\/\/mine2rien.fr\/wp-content\/uploads\/2023\/06\/EXIT-6-1-150x150.jpg 150w\" sizes=\"auto, (max-width: 160px) 100vw, 160px\" \/><\/figure>\n<\/div>\n\n\n<p class=\"has-black-color has-text-color\">\u00ab\u00a0Oh Toulouse ! Ville rose qui ne vous le dira pas avec des fleurs.\u00a0\u00bb<\/p>\n\n\n\n<p class=\"has-black-color has-text-color\">EXIT ou Bienvenue en Nomads land, est un roman sur fond de fait divers t\u00e9moignant des alternatives sociales et solidaires pour le droit au logement. Une histoire qui nous ouvre les portes d&rsquo;une immersion totale dans le quotidien d&rsquo;un \u00ab\u00a0squat\u00a0\u00bb autog\u00e9r\u00e9 revendiquant sa l\u00e9gitimit\u00e9. Les portraits cisel\u00e9s des personnages sont autant de fen\u00eatres sur la r\u00e9alit\u00e9 du monde et le personnage narrateur de Lucie, nous entraine dans l&rsquo;aventure \u00e0 un rythme qui participe \u00e0 l&rsquo;ambiance et \u00e0 l&rsquo;esprit des lieux. Un livre qui se lit d&rsquo;un seul souffle et qui ne laisse pas indiff\u00e9rent. Un livre qui interroge sur le r\u00f4le des innovations et initiatives citoyennes face au d\u00e9fi social et environnemental de notre 21\u00e8me si\u00e8cle, avec cependant, le constat rassurant de retrouver l&rsquo;amour toujours au c\u0153ur de la Cour des Miracles.<\/p>\n\n\n\n<p class=\"has-vivid-purple-color has-text-color has-medium-font-size\"><strong>Pr\u00e9face <\/strong><\/p>\n\n\n\n<p class=\"has-black-color has-text-color\">Pour un premier roman, j&rsquo;esp\u00e8re modestement avoir \u00e9t\u00e9 \u00e0 la hauteur du sujet. Il faut reconna\u00eetre que c&rsquo;\u00e9tait sans doute un peu ambitieux de ma part. Mais je pense que le propre de notre jeunesse est pr\u00e9cis\u00e9ment d&rsquo;\u00eatre audacieuse. Il n&rsquo;a pas \u00e9t\u00e9 simple de d\u00e9peindre une situation sociale tr\u00e8s controvers\u00e9e, sans tomber dans les clich\u00e9s r\u00e9currents. J&rsquo;ai pris le temps qu&rsquo;il m&rsquo;a sembl\u00e9 n\u00e9cessaire pour m&rsquo;accorder un certain recul. Le combat pour le Droit Au Logement (DAL), les alternatives sociales et solidaires, les initiatives associatives d&rsquo;int\u00e9r\u00eat public et la pr\u00e9carit\u00e9 de toute cette jeunesse \u00e9trangl\u00e9e par son si\u00e8cle, ne pouvaient pas me laisser indiff\u00e9rente. J&rsquo;ai essay\u00e9 de traduire tous ces sentiments d&rsquo;injustice et de r\u00e9volte en \u00e9vitant soigneusement de tomber dans le mis\u00e9rabilisme le plus attendu. J&rsquo;ai vu beaucoup de vraie mis\u00e8re, mais j&rsquo;ai pr\u00e9f\u00e9r\u00e9 mettre en lumi\u00e8re ce qu&rsquo;il en r\u00e9sulte de beau et de fort. Loin des grands m\u00e9dias, il y a de l&rsquo;espoir qui germe et pousse un peu partout. Cette histoire est n\u00e9e dans le m\u00e9tro toulousain, entre Nougaro et Jean-Jaur\u00e8s, en lisant un minuscule fait divers en manchette dans le gratuit du matin. De fait, j&rsquo;ai fini cette histoire exactement comme elle a commenc\u00e9 pour moi, par une bien triste d\u00e9p\u00eache. Il n&rsquo;en reste pas moins un exercice de style, un roman r\u00e9el apportant son t\u00e9moignage. J&rsquo;ai donc choisi le temps pr\u00e9sent de l&rsquo;action et du mouvement. Le rythme est saccad\u00e9, parfois presque \u00e0 bout de souffle. Il fait des vagues et porte. Le choix des personnages m&rsquo;a fascin\u00e9. Il participe pour beaucoup \u00e0 ma volont\u00e9 de donner une vue des plus g\u00e9n\u00e9rale de la situation des squats \u00e0 l&rsquo;heure actuelle. \u00ab\u00a0Squat\u00a0\u00bb! Ce simple mot pose d\u00e9j\u00e0 \u00e0 lui tout seul l&rsquo;ampleur de la pol\u00e9mique et des pr\u00e9jug\u00e9s. Les personnes concern\u00e9es par ce genre de situation appellent cela une \u00ab\u00a0r\u00e9quisition l\u00e9gitime de logement vacant\u00a0\u00bb et c&rsquo;est bien de cela dont parle cette histoire. Les personnage s&rsquo;expriment d&rsquo;abord par l&rsquo;action et se voient catalogu\u00e9s d&rsquo;activiste de contre-pouvoir, alors qu&rsquo;il s&rsquo;agit simplement pour eux d&rsquo;une pure r\u00e9sistance au fatalisme ambiant. Ils sont tous porteurs d&rsquo;un m\u00eame espoir de vie, d&rsquo;avenir et d&rsquo;humanit\u00e9. Le personnage narrateur de Lucie, s&rsquo;exprimant \u00e0 la premi\u00e8re personne, cristallise \u00e0 lui seul toutes les confusions identitaires, socioculturelles et politiques de sa g\u00e9n\u00e9ration. Et je pr\u00e9cise que je ne suis pas \u00ab\u00a0Je\u00a0\u00bb. \u00ab\u00a0Je\u00a0\u00bb exprime des id\u00e9es et des \u00e9motions qui me sont famili\u00e8res, mais n&rsquo;en reste pas moins un personnage de fiction. D&rsquo;ailleurs, je me retrouve un peu dans chacun de mes personnages, tant masculins que f\u00e9minins. L&rsquo;auteure que je suis \u00e0 donc pris en consid\u00e9ration la marginale attitude, la d\u00e9rive des continents et toutes la cosmopolite nation du Nomads Land, \u00ab\u00a0Celle o\u00f9 on ne sait pas \u00e0 quelle heure on part, ni \u00e0 quelle heure on arrive, mais celle o\u00f9 on y va !\u00a0\u00bb<\/p>\n<\/div>\n\n\n\n<div class=\"wp-block-column is-layout-flow wp-block-column-is-layout-flow\">\n<p class=\"has-text-align-center\"><a href=\"https:\/\/www.amazon.fr\/Entrevoir-Mine2rien\/dp\/2959023501\/\" target=\"_blank\" rel=\"noreferrer noopener\">Commander ENTREVOIR sur Amazon en cliquant ici<\/a><\/p>\n\n\n\n<figure class=\"wp-block-image size-large\"><img loading=\"lazy\" decoding=\"async\" width=\"1024\" height=\"768\" src=\"http:\/\/mine2rien.fr\/wp-content\/uploads\/2023\/06\/IMG20230318161454-1024x768.jpg\" alt=\"\" class=\"wp-image-206\" srcset=\"http:\/\/mine2rien.fr\/wp-content\/uploads\/2023\/06\/IMG20230318161454-1024x768.jpg 1024w, http:\/\/mine2rien.fr\/wp-content\/uploads\/2023\/06\/IMG20230318161454-300x225.jpg 300w, http:\/\/mine2rien.fr\/wp-content\/uploads\/2023\/06\/IMG20230318161454-768x576.jpg 768w, http:\/\/mine2rien.fr\/wp-content\/uploads\/2023\/06\/IMG20230318161454-1536x1152.jpg 1536w, http:\/\/mine2rien.fr\/wp-content\/uploads\/2023\/06\/IMG20230318161454-2048x1536.jpg 2048w, http:\/\/mine2rien.fr\/wp-content\/uploads\/2023\/06\/IMG20230318161454-1440x1080.jpg 1440w\" sizes=\"auto, (max-width: 1024px) 100vw, 1024px\" \/><\/figure>\n\n\n\n<figure class=\"wp-block-image size-large\"><img loading=\"lazy\" decoding=\"async\" width=\"668\" height=\"1024\" src=\"http:\/\/mine2rien.fr\/wp-content\/uploads\/2024\/02\/20211026_110824-668x1024.jpg\" alt=\"\" class=\"wp-image-393\" srcset=\"http:\/\/mine2rien.fr\/wp-content\/uploads\/2024\/02\/20211026_110824-668x1024.jpg 668w, http:\/\/mine2rien.fr\/wp-content\/uploads\/2024\/02\/20211026_110824-196x300.jpg 196w, http:\/\/mine2rien.fr\/wp-content\/uploads\/2024\/02\/20211026_110824-768x1177.jpg 768w, http:\/\/mine2rien.fr\/wp-content\/uploads\/2024\/02\/20211026_110824-1003x1536.jpg 1003w, http:\/\/mine2rien.fr\/wp-content\/uploads\/2024\/02\/20211026_110824-1337x2048.jpg 1337w, http:\/\/mine2rien.fr\/wp-content\/uploads\/2024\/02\/20211026_110824-1024x1569.jpg 1024w, http:\/\/mine2rien.fr\/wp-content\/uploads\/2024\/02\/20211026_110824-705x1080.jpg 705w, http:\/\/mine2rien.fr\/wp-content\/uploads\/2024\/02\/20211026_110824-scaled.jpg 1671w\" sizes=\"auto, (max-width: 668px) 100vw, 668px\" \/><\/figure>\n\n\n\n<p class=\"has-black-color has-text-color\">\u00ab\u00a0Si je te dis que je te mens, est-ce que je te dis la v\u00e9rit\u00e9?\u00a0\u00bb<\/p>\n\n\n\n<p class=\"has-vivid-purple-color has-text-color\"><strong> Pr\u00e9face<\/strong><\/p>\n\n\n\n<p class=\"has-black-color has-text-color\">Les troubles de l\u2019attachement et autres traumatismes psycho-affectifs et sociaux. Voil\u00e0 un th\u00e8me qui me tenait \u00e0 c\u0153ur depuis longtemps. D\u2019abord parce qu\u2019on est un peu concern\u00e9e, et ensuite parce qu\u2019on est nombreux \u00e0 chercher les causes de ce mal profond, nous pr\u00e9cipitant d\u2019\u00e9checs en d\u00e9ceptions, de d\u00e9ceptions en solitudes et de solitudes en isolement.<\/p>\n\n\n\n<p class=\"has-black-color has-text-color\">L\u2019Amour. Comment s\u2019aimer quand on a peur, quand on ne sait pas comment faire et qu\u2019on ne nous a jamais \u00e9duqu\u00e9 en ce sens&nbsp;? Dans une soci\u00e9t\u00e9 en perdition ou l\u2019individualisme d\u00e9rive en \u00e9go\u00efsme et \u00e9gocentrisme, qu\u2019elle place reste-t-il pour l\u2019Autre&nbsp;? L\u2019Avoir a pris le pas sur l\u2019\u00catre. Les niveaux de r\u00e9alit\u00e9s sont complexes et il est difficile pour chacun d\u2019entre nous de trouver sa v\u00e9rit\u00e9 dans ce flot continu de d\u00e9sinformation.<\/p>\n\n\n\n<p class=\"has-black-color has-text-color\">La V\u00e9rit\u00e9 n\u2019est que le consentement donn\u00e9 \u00e0 une r\u00e9alit\u00e9. Alors peut-on simplement reconna\u00eetre que l\u2019amour n\u2019est qu\u2019une affaire de foi et de confiance, en soi et en l\u2019autre.<\/p>\n\n\n\n<p class=\"has-black-color has-text-color\">Pour tous ces enfants qui grandissent sans amour, sans une \u00e9ducation sentimentale, il est bien difficile de se construire et de s\u2019\u00e9panouir dans leur vie d\u2019adulte. Les cons\u00e9quences de ses troubles vont malheureusement bien au-del\u00e0 des simples relations amoureuses. On les retrouve \u00e0 tous les niveaux relationnels. Familial, amical, professionnel\u2026 Ils sont la cause d\u2019un mal \u00eatre conduisant bien trop souvent \u00e0 l\u2019exclusion.<\/p>\n\n\n\n<p class=\"has-black-color has-text-color\">La V\u00e9rit\u00e9 de ce roman, c\u2019est qu\u2019on ne peut pas donner l\u2019amour qu\u2019on ne nous a jamais donn\u00e9.<\/p>\n\n\n\n<p class=\"has-black-color has-text-color\">L\u2019amour n\u2019est pas inn\u00e9. Il s\u2019apprend d\u00e8s le plus jeune \u00e2ge. Mais les codes qu\u2019on nous donne ne sont pas toujours les bons. Les traumatismes affectifs, que l\u2019on tra\u00eene comme des cha\u00eenes, nous emp\u00eachent d\u2019aller de l\u2019avant et de nous laisser aller au bonheur de vivre, simplement, l\u2019amour qui vient frapper \u00e0 notre porte.<\/p>\n\n\n\n<p class=\"has-black-color has-text-color\">Entrevoir toute la mesure de notre impuissance face \u00e0 ce sentiment essentiel \u00e0 nos vies, est le d\u00e9but d\u2019une grande histoire d\u2019amour qui cherche ses marques, ses codes, sa v\u00e9rit\u00e9, dans un d\u00e9dale de r\u00e9alit\u00e9s qui se fr\u00f4lent, s\u2019ignorent, s\u2019entrechoquent et o\u00f9 tout est \u00e0 reconstruire et r\u00e9inventer.<\/p>\n\n\n\n<p class=\"has-black-color has-text-color\">Deux \u00eatres cherchent \u00e0 s\u2019aimer.<\/p>\n<\/div>\n<\/div>\n\n\n\n<p class=\"has-black-color has-cyan-bluish-gray-background-color has-text-color has-background has-medium-font-size\">Chacun de mes romans est illustr\u00e9 par un texte de po\u00e9sie slam r\u00e9sumant l&rsquo;esprit de l&rsquo;ouvrage dans sa globalit\u00e9. Je les interpr\u00e8te r\u00e9guli\u00e8rement sur sc\u00e8ne.<\/p>\n\n\n\n<div class=\"wp-block-columns is-layout-flex wp-container-core-columns-is-layout-9d6595d7 wp-block-columns-is-layout-flex\">\n<div class=\"wp-block-column is-layout-flow wp-block-column-is-layout-flow\">\n<p><a href=\"http:\/\/mine2rien.fr\/index.php\/les-autres\/\" data-type=\"page\" data-id=\"349\">Les Autres<\/a> <\/p>\n\n\n\n<p class=\"has-black-color has-cyan-bluish-gray-background-color has-text-color has-background\">Po\u00e9sie slam de EXIT<\/p>\n<\/div>\n\n\n\n<div class=\"wp-block-column is-layout-flow wp-block-column-is-layout-flow\">\n<p><a href=\"http:\/\/mine2rien.fr\/index.php\/linconnue-poetique\/\" data-type=\"page\" data-id=\"278\">L&rsquo;inconnue po\u00e9tique<\/a><\/p>\n\n\n\n<p class=\"has-black-color has-cyan-bluish-gray-background-color has-text-color has-background\">Po\u00e9sie slam de ENTREVOIR<\/p>\n<\/div>\n<\/div>\n","protected":false},"excerpt":{"rendered":"<p>Je vous pr\u00e9sente ici les deux romans \u00e0 mon actif.Inscrivez-vous \u00e0 ma newsletter pour \u00eatre les premiers inform\u00e9s de leurs parutions. Suivez-moi sur Facebook@mine2rienJe vous remercie encore pour votre compr\u00e9hension, votre fid\u00e9lit\u00e9 et votre patience. Pour les propositions d&rsquo;\u00e9dition, contactez moi sur contact@mine2rien.fr \u00ab\u00a0Oh Toulouse ! Ville rose qui ne vous le dira pas avec&hellip; <br \/> <a class=\"read-more\" href=\"http:\/\/mine2rien.fr\/index.php\/romans\/\">Lire la suite<\/a><\/p>\n","protected":false},"author":2,"featured_media":0,"parent":0,"menu_order":0,"comment_status":"closed","ping_status":"closed","template":"","meta":{"footnotes":""},"class_list":["post-65","page","type-page","status-publish","hentry"],"_links":{"self":[{"href":"http:\/\/mine2rien.fr\/index.php\/wp-json\/wp\/v2\/pages\/65","targetHints":{"allow":["GET"]}}],"collection":[{"href":"http:\/\/mine2rien.fr\/index.php\/wp-json\/wp\/v2\/pages"}],"about":[{"href":"http:\/\/mine2rien.fr\/index.php\/wp-json\/wp\/v2\/types\/page"}],"author":[{"embeddable":true,"href":"http:\/\/mine2rien.fr\/index.php\/wp-json\/wp\/v2\/users\/2"}],"replies":[{"embeddable":true,"href":"http:\/\/mine2rien.fr\/index.php\/wp-json\/wp\/v2\/comments?post=65"}],"version-history":[{"count":35,"href":"http:\/\/mine2rien.fr\/index.php\/wp-json\/wp\/v2\/pages\/65\/revisions"}],"predecessor-version":[{"id":417,"href":"http:\/\/mine2rien.fr\/index.php\/wp-json\/wp\/v2\/pages\/65\/revisions\/417"}],"wp:attachment":[{"href":"http:\/\/mine2rien.fr\/index.php\/wp-json\/wp\/v2\/media?parent=65"}],"curies":[{"name":"wp","href":"https:\/\/api.w.org\/{rel}","templated":true}]}}